{"id":69,"date":"2025-01-16T18:37:30","date_gmt":"2025-01-16T17:37:30","guid":{"rendered":"https:\/\/bitcente.com\/cerrasur\/?page_id=69"},"modified":"2025-12-01T18:40:16","modified_gmt":"2025-12-01T17:40:16","slug":"home","status":"publish","type":"page","link":"https:\/\/bitcente.com\/cerrasur\/","title":{"rendered":"Home"},"content":{"rendered":"","protected":false},"excerpt":{"rendered":"","protected":false},"author":1,"featured_media":0,"parent":0,"menu_order":0,"comment_status":"closed","ping_status":"closed","template":"page-flexible-content.php","meta":{"inline_featured_image":false},"class_list":["post-69","page","type-page","status-publish","hentry"],"acf":[],"yoast_head":"<!-- This site is optimized with the Yoast SEO plugin v25.5 - https:\/\/yoast.com\/wordpress\/plugins\/seo\/ -->\n<title>Cerrajero en Almer\u00eda | Cerrasur<\/title>\n<meta name=\"description\" content=\"Cerrajero en Almer\u00eda 24h | Urgencias R\u00e1pidas y Profesionales | Cerrasur | \u00bfBuscas un cerrajero en Almer\u00eda? Servicio 24 horas, urgencias, apertura de puertas y veh\u00edculos. Profesionales r\u00e1pidos y econ\u00f3micos. \u00a1Llama ya!\" \/>\n<meta name=\"robots\" content=\"noindex, follow, max-snippet:-1, max-image-preview:large, max-video-preview:-1\" \/>\n<meta property=\"og:locale\" content=\"es_ES\" \/>\n<meta property=\"og:type\" content=\"article\" \/>\n<meta property=\"og:title\" content=\"Cerrajero en Almer\u00eda | Cerrasur\" \/>\n<meta property=\"og:description\" content=\"Cerrajero en Almer\u00eda 24h | Urgencias R\u00e1pidas y Profesionales | Cerrasur | \u00bfBuscas un cerrajero en Almer\u00eda? Servicio 24 horas, urgencias, apertura de puertas y veh\u00edculos. Profesionales r\u00e1pidos y econ\u00f3micos. \u00a1Llama ya!\" \/>\n<meta property=\"og:url\" content=\"https:\/\/bitcente.com\/cerrasur\/\" \/>\n<meta property=\"og:site_name\" content=\"Cerrasur\" \/>\n<meta property=\"article:modified_time\" content=\"2025-12-01T17:40:16+00:00\" \/>\n<meta name=\"twitter:card\" content=\"summary_large_image\" \/>\n<script type=\"application\/ld+json\" class=\"yoast-schema-graph\">{\"@context\":\"https:\/\/schema.org\",\"@graph\":[{\"@type\":\"WebPage\",\"@id\":\"https:\/\/bitcente.com\/cerrasur\/\",\"url\":\"https:\/\/bitcente.com\/cerrasur\/\",\"name\":\"Cerrajero en Almer\u00eda | Cerrasur\",\"isPartOf\":{\"@id\":\"https:\/\/bitcente.com\/cerrasur\/#website\"},\"datePublished\":\"2025-01-16T17:37:30+00:00\",\"dateModified\":\"2025-12-01T17:40:16+00:00\",\"description\":\"Cerrajero en Almer\u00eda 24h | Urgencias R\u00e1pidas y Profesionales | Cerrasur | \u00bfBuscas un cerrajero en Almer\u00eda? Servicio 24 horas, urgencias, apertura de puertas y veh\u00edculos. Profesionales r\u00e1pidos y econ\u00f3micos. \u00a1Llama ya!\",\"breadcrumb\":{\"@id\":\"https:\/\/bitcente.com\/cerrasur\/#breadcrumb\"},\"inLanguage\":\"es\",\"potentialAction\":[{\"@type\":\"ReadAction\",\"target\":[\"https:\/\/bitcente.com\/cerrasur\/\"]}]},{\"@type\":\"BreadcrumbList\",\"@id\":\"https:\/\/bitcente.com\/cerrasur\/#breadcrumb\",\"itemListElement\":[{\"@type\":\"ListItem\",\"position\":1,\"name\":\"Portada\",\"item\":\"https:\/\/bitcente.com\/cerrasur\/\"},{\"@type\":\"ListItem\",\"position\":2,\"name\":\"Home\"}]},{\"@type\":\"WebSite\",\"@id\":\"https:\/\/bitcente.com\/cerrasur\/#website\",\"url\":\"https:\/\/bitcente.com\/cerrasur\/\",\"name\":\"Cerrasur\",\"description\":\"\",\"publisher\":{\"@id\":\"https:\/\/bitcente.com\/cerrasur\/#organization\"},\"potentialAction\":[{\"@type\":\"SearchAction\",\"target\":{\"@type\":\"EntryPoint\",\"urlTemplate\":\"https:\/\/bitcente.com\/cerrasur\/?s={search_term_string}\"},\"query-input\":{\"@type\":\"PropertyValueSpecification\",\"valueRequired\":true,\"valueName\":\"search_term_string\"}}],\"inLanguage\":\"es\"},{\"@type\":\"Organization\",\"@id\":\"https:\/\/bitcente.com\/cerrasur\/#organization\",\"name\":\"Cerrasur\",\"url\":\"https:\/\/bitcente.com\/cerrasur\/\",\"logo\":{\"@type\":\"ImageObject\",\"inLanguage\":\"es\",\"@id\":\"https:\/\/bitcente.com\/cerrasur\/#\/schema\/logo\/image\/\",\"url\":\"https:\/\/bitcente.com\/cerrasur\/wp-content\/uploads\/2025\/01\/logo.svg\",\"contentUrl\":\"https:\/\/bitcente.com\/cerrasur\/wp-content\/uploads\/2025\/01\/logo.svg\",\"width\":117,\"height\":33,\"caption\":\"Cerrasur\"},\"image\":{\"@id\":\"https:\/\/bitcente.com\/cerrasur\/#\/schema\/logo\/image\/\"}}]}<\/script>\n<!-- \/ Yoast SEO plugin. -->","yoast_head_json":{"title":"Cerrajero en Almer\u00eda | Cerrasur","description":"Cerrajero en Almer\u00eda 24h | Urgencias R\u00e1pidas y Profesionales | Cerrasur | \u00bfBuscas un cerrajero en Almer\u00eda? Servicio 24 horas, urgencias, apertura de puertas y veh\u00edculos. Profesionales r\u00e1pidos y econ\u00f3micos. \u00a1Llama ya!","robots":{"index":"noindex","follow":"follow","max-snippet":"max-snippet:-1","max-image-preview":"max-image-preview:large","max-video-preview":"max-video-preview:-1"},"og_locale":"es_ES","og_type":"article","og_title":"Cerrajero en Almer\u00eda | Cerrasur","og_description":"Cerrajero en Almer\u00eda 24h | Urgencias R\u00e1pidas y Profesionales | Cerrasur | \u00bfBuscas un cerrajero en Almer\u00eda? Servicio 24 horas, urgencias, apertura de puertas y veh\u00edculos. Profesionales r\u00e1pidos y econ\u00f3micos. \u00a1Llama ya!","og_url":"https:\/\/bitcente.com\/cerrasur\/","og_site_name":"Cerrasur","article_modified_time":"2025-12-01T17:40:16+00:00","twitter_card":"summary_large_image","schema":{"@context":"https:\/\/schema.org","@graph":[{"@type":"WebPage","@id":"https:\/\/bitcente.com\/cerrasur\/","url":"https:\/\/bitcente.com\/cerrasur\/","name":"Cerrajero en Almer\u00eda | Cerrasur","isPartOf":{"@id":"https:\/\/bitcente.com\/cerrasur\/#website"},"datePublished":"2025-01-16T17:37:30+00:00","dateModified":"2025-12-01T17:40:16+00:00","description":"Cerrajero en Almer\u00eda 24h | Urgencias R\u00e1pidas y Profesionales | Cerrasur | \u00bfBuscas un cerrajero en Almer\u00eda? Servicio 24 horas, urgencias, apertura de puertas y veh\u00edculos. Profesionales r\u00e1pidos y econ\u00f3micos. \u00a1Llama ya!","breadcrumb":{"@id":"https:\/\/bitcente.com\/cerrasur\/#breadcrumb"},"inLanguage":"es","potentialAction":[{"@type":"ReadAction","target":["https:\/\/bitcente.com\/cerrasur\/"]}]},{"@type":"BreadcrumbList","@id":"https:\/\/bitcente.com\/cerrasur\/#breadcrumb","itemListElement":[{"@type":"ListItem","position":1,"name":"Portada","item":"https:\/\/bitcente.com\/cerrasur\/"},{"@type":"ListItem","position":2,"name":"Home"}]},{"@type":"WebSite","@id":"https:\/\/bitcente.com\/cerrasur\/#website","url":"https:\/\/bitcente.com\/cerrasur\/","name":"Cerrasur","description":"","publisher":{"@id":"https:\/\/bitcente.com\/cerrasur\/#organization"},"potentialAction":[{"@type":"SearchAction","target":{"@type":"EntryPoint","urlTemplate":"https:\/\/bitcente.com\/cerrasur\/?s={search_term_string}"},"query-input":{"@type":"PropertyValueSpecification","valueRequired":true,"valueName":"search_term_string"}}],"inLanguage":"es"},{"@type":"Organization","@id":"https:\/\/bitcente.com\/cerrasur\/#organization","name":"Cerrasur","url":"https:\/\/bitcente.com\/cerrasur\/","logo":{"@type":"ImageObject","inLanguage":"es","@id":"https:\/\/bitcente.com\/cerrasur\/#\/schema\/logo\/image\/","url":"https:\/\/bitcente.com\/cerrasur\/wp-content\/uploads\/2025\/01\/logo.svg","contentUrl":"https:\/\/bitcente.com\/cerrasur\/wp-content\/uploads\/2025\/01\/logo.svg","width":117,"height":33,"caption":"Cerrasur"},"image":{"@id":"https:\/\/bitcente.com\/cerrasur\/#\/schema\/logo\/image\/"}}]}},"_links":{"self":[{"href":"https:\/\/bitcente.com\/cerrasur\/wp-json\/wp\/v2\/pages\/69","targetHints":{"allow":["GET"]}}],"collection":[{"href":"https:\/\/bitcente.com\/cerrasur\/wp-json\/wp\/v2\/pages"}],"about":[{"href":"https:\/\/bitcente.com\/cerrasur\/wp-json\/wp\/v2\/types\/page"}],"author":[{"embeddable":true,"href":"https:\/\/bitcente.com\/cerrasur\/wp-json\/wp\/v2\/users\/1"}],"replies":[{"embeddable":true,"href":"https:\/\/bitcente.com\/cerrasur\/wp-json\/wp\/v2\/comments?post=69"}],"version-history":[{"count":80,"href":"https:\/\/bitcente.com\/cerrasur\/wp-json\/wp\/v2\/pages\/69\/revisions"}],"predecessor-version":[{"id":633,"href":"https:\/\/bitcente.com\/cerrasur\/wp-json\/wp\/v2\/pages\/69\/revisions\/633"}],"wp:attachment":[{"href":"https:\/\/bitcente.com\/cerrasur\/wp-json\/wp\/v2\/media?parent=69"}],"curies":[{"name":"wp","href":"https:\/\/api.w.org\/{rel}","templated":true}]}}